on divisor of m and 1496.
88
Let o = -53 - -89. Let n = o - -29. What is the highest common divisor of n and 13?
13
Suppose -o + 133 = -4*w, 5*w + 137 = 3*o - 2*o. Calculate the greatest common divisor of o and 117.
117
Suppose 102*o - 96*o - 78 = 0. Calculate the greatest common factor of o and 247.
13
Let g be (-15)/(-6) - ((-15)/10 + 2). Let t(w) = w**3 + 4*w**2 + 3*w. Let i be t(-2). Suppose 5 - 37 = -i*r. Calculate the highest common factor of g and r.
2
Let j be -3*1 + (-25)/((-300)/624). What is the greatest common divisor of j and 259?
7
Suppose 0*s - 3*s + 2*w = -6, 0 = 5*s - 3*w - 10. Calculate the greatest common divisor of s and 214.
2
Suppose 517 = 5*s - q, -4*s = -0*s - 5*q - 401. Calculate the greatest common divisor of s and 24.
8
Suppose 0 = 3*t + 2*s - 628, -2*t = 9*s - 10*s - 421. Calculate the highest common factor of t and 126.
42
Let p be 4 + 1*4/(-2). Let w be 145/10 - p/(-4). What is the greatest common divisor of w and 45?
15
Let y = -633 + 665. Calculate the greatest common divisor of 1376 and y.
32
Suppose i - d = 7, -8*i + 2*d + 22 = -4*i. Let s(g) = 24*g - 8. Let a be s(i). Calculate the highest common factor of a and 11.
11
Suppose 0 = -9*q + 6*q + 1353. Calculate the highest common divisor of q and 41.
41
Suppose -351 = -3*i + c - 3*c, 4*i - 485 = 3*c. Suppose n = -k - 5 + 24, i = 5*k - 3*n. Calculate the greatest common factor of 55 and k.
11
Let v(r) = r**2 - 5*r + 5. Let q be v(6). Let t be 10*3/(-4 - 2). Let m be 298/3 + t/15. Calculate the highest common divisor of q and m.
11
Let g(v) = -3*v**2 + 38*v - 83. Let t be g(7). What is the highest common divisor of t and 54?
18
Let s = -13 + 178. Calculate the highest common divisor of 15 and s.
15
Suppose 0 = 10*k - 11 - 9. Suppose -k*o = -3*b + 22, -3*b = -2*o + 3*o - 7. What is the highest common divisor of b and 1?
1
Let w(h) = -6*h + 24. Let c be w(-11). Let g = -30 + 45. What is the greatest common divisor of g and c?
15
Suppose 2*h - 4*z + 280 = 6*h, -200 = -3*h - z. Calculate the highest common divisor of h and 26.
13
Let h = 41 + -69. Let k = h - -31. Let z(d) = 12*d**2 - 7*d + 1. Let r be z(k). What is the greatest common factor of 8 and r?
8
Suppose 2*v + 5 - 45 = 0. Let c be 2*4/(-8) + 51. What is the highest common factor of c and v?
10
Let h = -14 - -13. Let r be 2*h - (-8 - 10). What is the highest common factor of 12 and r?
4
Suppose -589 = -4*q - n, -58*n + 59*n + 433 = 3*q. Calculate the greatest common factor of 219 and q.
73
Let v(k) = k**2 + 39*k + 371. Let c be v(-14). What is the greatest common divisor of 2373 and c?
21
Let p be (-23 + -5 + 10)*2/(-6). Let f be ((-15)/(-9) + -2)*-12. Calculate the greatest common divisor of f and p.
2
Let q = 48 + -27. Let s = q + 5. Let c = 432 - 354. Calculate the greatest common factor of s and c.
26
Let v = 53 + -58. Let t(x) = 2*x**2 + 4*x + 2. Let w be t(v). Calculate the highest common divisor of 352 and w.
32
Let g be 5/(20/16) - 2/(-2). Suppose 4*x + 11 = -g*d, -4*x = 2*d - 3*d - 7. What is the highest common factor of 2 and x?
1
Suppose 0 = -3*g - 5*s + 2*s + 54, -2*g - 4*s = -44. Let u be (-24)/(-10)*70/4. What is the greatest common factor of u and g?
14
Let x = -2251 - -3057. What is the highest common divisor of 26 and x?
26
Suppose 3*n = -4*j + 252, 2*n = -2*n - 3*j + 329. Suppose -d - 4*o + n = 0, d = 9*o - 4*o + 125. What is the highest common divisor of 25 and d?
25
Let g be (-6440)/(-345)*18/4. What is the greatest common factor of 36 and g?
12
Suppose 19 = 6*l - 17. What is the greatest common factor of 138 and l?
6
Let y = 317 + -215. Calculate the highest common divisor of 6 and y.
6
Let p be (-16)/16*(2 + -26). Let x be (-1 - -1)*2/(-4). Suppose 144 = -x*k + 4*k. Calculate the highest common divisor of k and p.
12
Let j be -4 - 30/(-20)*52. Calculate the greatest common divisor of 4 and j.
2
Let b(j) be the third derivative of -7*j**6/120 - j**5/15 - j**4/8 - j**3/6 + 7*j**2. Let l be b(-2). What is the greatest common divisor of 5 and l?
5
Let z = -51 - -54. Let u be 3*z/9 - (-45 - -3). Calculate the greatest common divisor of u and 172.
43
Let z(j) = -2*j**2 - 18*j - 14. Let g be z(-6). Calculate the greatest common divisor of 231 and g.
11
Suppose 153 - 423 = -5*o. What is the highest common factor of 702 and o?
54
Let w be (-2)/6 + 105/45. Suppose 0 = w*i - 68 - 18. What is the highest common factor of i and 473?
43
Suppose -r + 9 = -3*f, -4*f = 5*r + 3 - 48. Suppose 29 = -5*a + 4*n + 181, 4*n + 124 = 4*a. Let v = 8 + a. Calculate the greatest common divisor of r and v.
9
Let k(i) = -2*i**2 + i + 31. Let l be k(0). Let u = 37 + -21. Let b = l - u. What is the highest common factor of b and 120?
15
Let h be 12/(-2)*(-5)/15. Suppose -2*q - 3*a = h*a - 56, -q + 5*a = 2. What is the greatest common factor of q and 6?
6
Suppose -4*m = -4, 3*w + 5*m - 34 + 11 = 0. Let r be 294/18 + 4/w. What is the highest common factor of r and 153?
17
Let h be -7 + (-1446)/36 - 2/(-12). Let q = h - -59. Suppose -17 = -n + 13. Calculate the highest common divisor of q and n.
6
Let y(o) = o**2 + 13*o - 27. Let i be y(-18). Suppose 10*d = 13*d - i. Calculate the highest common factor of 21 and d.
21
Suppose 0 = -2*c - 0*c + 50. What is the greatest common divisor of 475 and c?
25
Suppose -4*m + y + 121 = 0, 4*m - 122 = 6*y - 4*y. Calculate the highest common divisor of m and 1890.
30
Let d = -1214 - -1280. What is the highest common divisor of d and 22?
22
Suppose 0 = -80*b - 38*b + 2596. Let p be (-4 - -2) + (4 - -20). What is the greatest common divisor of b and p?
22
Let q be (-1)/((-1)/6*-3). Let v be -12 + 12 - (-2)/q. Let m be 5*v*(-3)/5. What is the greatest common divisor of 24 and m?
3
Suppose 4 = -2*f + 4*w - 2, -3*f = w - 12. Suppose 3*i + 19 = f*k - 2*i, 3*k + 5*i - 29 = 0. Calculate the greatest common divisor of 120 and k.
8
Suppose 0 = -x + 5*f + 8, 5*x - 7*f + 5*f - 109 = 0. Calculate the highest common factor of 69 and x.
23
Let i = 274 - 267. Calculate the greatest common factor of i and 77.
7
Suppose -4*c - 115 - 2 = -5*k, -2*k = c - 39. Calculate the highest common factor of 546 and k.
21
Suppose -6*s + 4*s - 2 = 0, 3*s - 77 = -2*h. What is the greatest common divisor of h and 130?
10
Let x be 33/(-44) + 7692/16. Calculate the greatest common factor of x and 30.
30
Let o(j) = 7*j + 65. Let h(d) = -d**3 - 9*d**2 - 14*d - 7. Let a be h(-7). Let g be o(a). Calculate the greatest common divisor of 20 and g.
4
Let z be (-48)/(-10)*5 - 0/10. Calculate the greatest common divisor of 252 and z.
12
Let j(q) = -q**3 + 7*q**2 + 82*q - 10. Let a be j(-8). What is the greatest common divisor of a and 49?
49
Suppose -4*d + 50 = d. Suppose -5*v + 2*m = -85, 5*m + d = v - 2*v. Calculate the highest common divisor of 5 and v.
5
Let o be (16/(-3))/(6/144*-2). Let k = o - 53. Calculate the highest common divisor of k and 44.
11
Let y(n) = -166*n - 4. Let s be y(-3). Suppose -2*k = -3*u + s, -2*k + 1311 - 477 = 5*u. Let r = u + -106. What is the greatest common factor of r and 15?
15
Suppose 0 = -15*v + 207 + 303. What is the greatest common divisor of v and 4?
2
Let y = 34 + -31. Suppose v + 4*v - 3*f = 685, 0 = 4*v + y*f - 575. What is the greatest common factor of v and 20?
20
Suppose 2*b = 4*b + 5*m - 1204, -4*m + 602 = b. Suppose 4*y - 46 = b. Calculate the highest common factor of y and 18.
18
Suppose -4*y = 4*b - 0*b - 1548, 3*b + 2*y = 1159. Suppose 5*j = j + 140. Calculate the highest common factor of b and j.
35
Suppose w = -3*o + 90, -2*o + 4*w + 61 - 15 = 0. Suppose t - 37 = o. Let k(d) = -3*d + 98. Let h be k(18). Calculate the highest common factor of h and t.
22
Let v be 11528/12 + (-4)/6. What is the highest common factor of v and 30?
30
Let p(s) = -19*s**3 + 2*s**2 - 4*s - 9. Let u be p(-2). Let w = 264 - u. Suppose -40 = -4*t + 44. What is the greatest common factor of t and w?
21
Let k = -141 + 162. Suppose -48 = -4*r + i + 4, -3*r - 5*i + 62 = 0. What is the greatest common divisor of r and k?
7
Suppose -189 = 34*y - 43*y. Let t(h) = 126*h - 1. Let n(m) = m. Let q(r) = n(r) - t(r). Let u be q(-1). What is the highest common factor of u and y?
21
Suppose 2*n = -3*l + 5*n + 792, 2*l - 4*n - 536 = 0. Calculate the greatest common divisor of l and 65.
65
Let g(w) = w**3 - 6*w**2 + 3